f 41?
False
Is 1055360 a multiple of 36?
False
Does 164 divide 492000?
True
Does 17 divide 5199773?
True
Is 442 a factor of 491946?
True
Does 45 divide 135112?
False
Does 39 divide 2525308?
False
Is 694782 a multiple of 222?
False
Is 9485448 a multiple of 1890?
False
Is 753 a factor of 2799542?
False
Is 159725 even?
False
Is 847090 a multiple of 66?
False
Is 122982 a multiple of 206?
True
Does 18 divide 32418?
True
Is 2970864 a multiple of 624?
True
Does 41 divide 7103865?
True
Does 62 divide 386818?
True
Is 32 a factor of 429644?
False
Is 21 a factor of 352044?
True
Does 214 divide 6734366?
True
Does 616 divide 898150?
False
Does 203 divide 8525807?
False
Is 406 a factor of 40004?
False
Does 69 divide 519221?
False
Is 670024 a multiple of 122?
True
Is 97958 a multiple of 14?
True
Is 33 a factor of 39237?
True
Does 27 divide 1598091?
False
Does 239 divide 59776?
False
Does 13 divide 1327092?
True
Does 69 divide 3855927?
True
Does 38 divide 83692?
False
Is 261 a factor of 1820209?
False
Is 16988 a multiple of 79?
False
Is 27538069 a multiple of 13?
True
Is 29 a factor of 1851732?
False
Does 6 divide 9649?
False
Is 388 a factor of 4752415?
False
Does 547 divide 3659604?
False
Is 174 a factor of 191017?
False
Is 215190 a multiple of 54?
True
Is 19340 a multiple of 20?
True
Does 11 divide 525881?
False
Is 75 a factor of 6580724?
False
Is 39 a factor of 482400?
False
Does 36 divide 15186807?
False
Does 192 divide 114655?
False
Does 41 divide 891176?
True
Is 267842 a multiple of 35?
False
Does 23 divide 291364?
True
Is 136 a factor of 816952?
True
Does 2 divide 89819?
False
Is 19 a factor of 2549021?
True
Is 65424 a multiple of 174?
True
Is 3578800 a multiple of 960?
False
Is 599358 a multiple of 29?
False
Does 42 divide 121086?
True
Is 419944 a multiple of 7?
True
Is 625248 a multiple of 624?
True
Is 5747630 a multiple of 14?
True
Does 15 divide 276195?
True
Is 18 a factor of 21561?
False
Is 8 a factor of 229143?
False
Is 278535 a multiple of 157?
False
Is 24 a factor of 96326?
False
Does 62 divide 334056?
True
Does 4 divide 6958304?
True
Is 1732799 a multiple of 11?
False
Is 4 a factor of 11709?
False
Is 88 a factor of 1786203?
False
Is 1652014 a multiple of 307?
False
Is 9 a factor of 39447?
True
Does 17 divide 756214?
False
Is 306951 a multiple of 14?
False
Is 315622 a multiple of 34?
True
Is 9572 a multiple of 476?
False
Is 15 a factor of 790392?
False
Is 35147948 a multiple of 151?
False
Does 5 divide 921796?
False
Does 63 divide 2034967?
False
Is 129846 a multiple of 19?
True
Is 3984851 a multiple of 13?
True
Does 16 divide 2430816?
True
Is 809837 a multiple of 126?
False
Is 10855598 a multiple of 36?
False
Is 126 a factor of 617303?
False
Is 82 a factor of 533322?
False
Does 428 divide 4719524?
False
Is 1344 a factor of 6558160?
False
Is 738624 a multiple of 192?
True
Does 14 divide 3531136?
True
Does 238 divide 11108488?
False
Is 1573208 a multiple of 182?
True
Does 30 divide 157950?
True
Is 3859884 a multiple of 1113?
True
Is 3081930 a multiple of 30?
True
Is 165070 a multiple of 86?
False
Is 82 a factor of 525702?
True
Is 552656 a multiple of 40?
False
Is 956 a factor of 4113668?
True
Does 115 divide 28520?
True
Does 31 divide 12736567?
True
Is 9156 a multiple of 21?
True
Is 75 a factor of 431550?
True
Is 22435 a multiple of 35?
True
Is 100 a factor of 11815811?
False
Does 253 divide 3952872?
True
Is 248234 a multiple of 5?
False
Is 593385 a multiple of 15?
True
Is 570 a factor of 1318435?
False
Does 50 divide 282240?
False
Is 248 a factor of 535432?
True
Is 46 a factor of 28612?
True
Does 30 divide 79381?
False
Is 46 a factor of 5509?
False
Does 85 divide 3702625?
False
Is 66 a factor of 2305644?
True
Does 519 divide 343203?
False
Is 4586590 a multiple of 10?
True
Is 20173890 a multiple of 452?
False
Is 394 a factor of 396799?
False
Is 17 a factor of 7942626?
False
Is 58 a factor of 908512?
True
Does 12 divide 185148?
True
Does 396 divide 17497031?
False
Is 294572 a multiple of 4?
True
Is 1074306 a multiple of 9?
False
Is 54779 a multiple of 35?
False
Is 41 a factor of 197789?
False
Is 177 a factor of 853069?
False
Is 362 a factor of 1174690?
True
Is 2510648 a multiple of 428?
True
Is 490 a factor of 4091840?
False
Is 1222650 a multiple of 650?
True
Does 60 divide 3516240?
True
Does 208 divide 919568?
True
Does 768 divide 2418454?
False
Is 391378 a multiple of 13?
True
Is 3500343 a multiple of 751?
False
Is 589 a factor of 733847?
False
Is 34 a factor of 583074?
False
Does 6 divide 16713?
False
Is 589 a factor of 24738?
True
Is 138480 a multiple of 16?
True
Does 93 divide 1520425?
False
Is 19 a factor of 2563574?
False
Is 118 a factor of 3425699?
False
Is 6 a factor of 243621?
False
Is 3753962 a multiple of 15?
False
Does 300 divide 632400?
True
Is 1678794 a multiple of 78?
True
Is 3885481 a multiple of 703?
True
Does 46 divide 5625216?
False
Is 470772 a multiple of 162?
True
Is 2670960 a multiple of 116?
False
Is 42 a factor of 2041116?
True
Does 29 divide 3351538?
False
Is 10 a factor of 5990?
True
Does 341 divide 5120115?
True
Does 10 divide 13852?
False
Does 103 divide 12206838?
False
Is 739808 a multiple of 32?
True
Does 38 divide 12130398?
True
Does 102 divide 47838?
True
Is 10 a factor of 227948?
False
Does 82 divide 177530?
True
Is 663704 a multiple of 384?
False
Does 149 divide 700748?
False
Does 359 divide 2262059?
True
Does 346 divide 209507?
False
Does 2 divide 173313?
False
Is 294245 a multiple of 35?
True
Does 100 divide 1663?
False
Is 240 a factor of 463200?
True
Does 14 divide 5520641?
False
Is 1277 a multiple of 23?
False
Does 203 divide 777398?
False
Is 393 a factor of 1376679?
True
Is 2743209 a multiple of 63?
True
Does 13 divide 360321?
True
Is 22 a factor of 161232?
False
Does 71 divide 53321?
True
Does 51 divide 288124?
False
Is 278 a factor of 60604?
True
Does 212 divide 172503?
False
Does 155 divide 1362813?
False
Does 279 divide 154800?
False
Does 9 divide 423306?
True
Is 194827 a multiple of 281?
False
Does 42 divide 926336?
False
Is 35 a factor of 1506575?
True
Is 355356 a multiple of 3?
True
Is 6 a factor of 78990?
True
Is 363839 a multiple of 3?
False
Is 72 a factor of 983232?
True
Is 18 a factor of 335499?
False
Is 132267 a multiple of 198?
False
Does 244 divide 2003819?
False
Is 442 a factor of 5020388?
False
Is 1317370 a multiple of 580?
False
Is 22 a factor of 2064722?
True
Is 1761592 a multiple of 35?
False
Is 37 a factor of 5665365?
False
Does 9 divide 145683?
True
Is 252513 a multiple of 9?
True
Is 1898100 a multiple of 444?
True
Does 66 divide 2251920?
True
Is 517 a factor of 320023?
True
Does 11 divide 654621?
True
Is 46 a factor of 178355?
False
Is 1171 a factor of 3074100?
False
Does 238 divide 428638?
True
Is 43 a factor of 6910100?
True
Does 6 divide 29937?
False
Does 279 divide 665694?
True
Is 3825876 a multiple of 19?
False
Is 1137664 a multiple of 1616?
True
Does 18 divide 3229831?
False
Does 418 divide 367004?
True
Does 15 divide 754315?
False
Is 10 a factor of 15631?
False
Does 23 divide 12163?
False
Does 192 divide 3034176?
True
Is 12 a factor of 10402140?
True
Is 347 a factor of 719956?
False
Is 60 a factor of 46064?
False
Does 503 divide 230337?
False
Is 89336 a multiple of 13?
True
Does 105 divide 11107?
False
Is 217 a factor of 1797194?
True
Is 190380 a multiple of 381?
False
Is 756467 a multiple of 19?
False
Is 16 a factor of 10399?
False
Is 357 a factor of 457317?
True
Is 19 a factor of 6493?
False
Is 305092 a multiple of 51?
False
Does 77 divide 13055427?
True
Is 35 a factor of 2941610?
True
Is 30 a factor of 197510?
False
Does 11 divide 200992?
True
Is 272821 a multiple of 80?
False
Is 3140008 a multiple of 52?
False
Is 355290 a multiple of 65?
True
Is 409235 a multiple of 27?
False
Is 42 a factor of 12981?
False
Is 910284 a multiple of 31?
True
Does 104 divide 24794839?
False
Is 274 a factor of 1741544?
True
Does 377 divide 4882585?
False
Is 54553 a multiple of 176?
False
Is 78 a factor of 169025?
False
Is 3 a factor of 15594?
True
Is 76 a factor of 114076?
True
Does 30 divide 1016880?
True
Is 23 a factor of 293043?
True
Is 126 a factor of 1398600?
True
Is 2292190 a multiple of 235?
True
Does 26 divide 4088729?
False
Does 18 divide 274188?
False
Does 1947 divide 4371015?
True
